 166 + c. What are the prime factors of u?
2, 17
Let f = -115 - -116. What are the prime factors of 7 + f + (1324 - -17)?
19, 71
Let z = 669 + -652. Suppose -12*i - 2*r = -z*i + 1893, 2*r + 8 = 0. List the prime factors of i.
13, 29
List the prime factors of 7/(-2)*(6744/18)/((-3)/81).
2, 3, 7, 281
Let n = 170 + -165. Suppose -n*c = 4*u - 6277, 0 = 7*u - 9*u - 3*c + 3137. List the prime factors of u.
11, 13
Let u = -340 + -23. Let h = 464 - u. What are the prime factors of h?
827
Suppose -47565 = -2*q + 5*d, -25*d = q - 26*d - 23778. What are the prime factors of q?
3, 5, 317
Let v(f) = -6*f - 7 + 3 + 6 - 3*f. Let d be v(-3). Suppose -d = l - 135. List the prime factors of l.
2, 53
Let z = -7 + -466. Let h = 484 + z. List the prime factors of h.
11
Suppose d = -2*d + 39. Let g(q) = 9*q**2 + 26*q + 16. Let t be g(d). What are the prime factors of (4/(-3))/((-10)/t)?
2, 5
Suppose -4*b + 5*l - 6 = -3*b, 0 = 5*b + 2*l + 3. What are the prime factors of b*345/(-3) + -6?
109
Suppose 616 = 7*w - 259. Suppose 3*h - w = 2089. Suppose -4*u = -10*u + h. List the prime factors of u.
3, 41
Let t = -1099 + 3783. What are the prime factors of t?
2, 11, 61
Let l = -1266 + 3342. Suppose 12*d = l + 744. What are the prime factors of d?
5, 47
Let w(f) = 31*f + 383. Suppose -3*o - 2*n + 136 = 0, 53 = 2*o + 2*n - 35. List the prime factors of w(o).
1871
Let o(z) = 11*z**2 + 9*z + 15. Let y be o(7). Let u = -331 + y. What are the prime factors of u?
2, 11, 13
Let x = 20 - 0. Let y be x - 3/(3/4). Suppose 5*k - 179 = y. List the prime factors of k.
3, 13
Let h = 7 - 21. Let p(m) = -13*m**2 + 12 + 12*m**2 - m - 7*m + 19 - 13*m. What are the prime factors of p(h)?
3, 43
Suppose 3*i - 979 = -967. Suppose -1003 = -4*k + 5*t, -i*t + 1305 = -12*k + 17*k. What are the prime factors of k?
257
Suppose -3*v - 15672 = -j + 13326, 4 = v. List the prime factors of j.
2, 3, 5, 967
Suppose -1215 = -4*n - 211. Suppose -5*m - 2*h = 2*h + n, -3*m = 4*h + 157. Let p = 105 + m. List the prime factors of p.
2, 29
Suppose 0 = -5*j - f - 103, -4*j + f = 31 + 46. Let p(n) = -n - 19. Let a be p(j). Suppose -7*r + a + 62 = 0. What are the prime factors of r?
3
Let f(w) = 32*w + 82. Let t be f(-21). Let l = t - -1034. List the prime factors of l.
2, 3, 37
Let n be 2 - (0 - 0 - (-396)/(-3)). Let t = n - 229. List the prime factors of (-38)/t - (-2)/10*83.
17
Suppose -82*h - 5*k + 36652 = -78*h, 3*h - 5*k = 27524. List the prime factors of h.
2, 3, 191
Suppose 6*m + 5016 = 7*m - c, -15042 = -3*m - 3*c. What are the prime factors of m?
5, 17, 59
Suppose -335916 = -48*n + 1125444. List the prime factors of n.
5, 6089
Suppose -2*b + 3206 = 2*o, -1048 - 3737 = -3*o + 5*b. Suppose -o + 125 = -d - 5*h, -7423 = -5*d - h. What are the prime factors of d?
3, 5, 11
Suppose 0 = -f + 3*z - 142 - 14, f = -4*z - 149. Let n = 465 - 231. Let a = f + n. List the prime factors of a.
3
Let v(u) = u**3 + 2*u**2 + 583. Let l be v(0). What are the prime factors of l - (-16 + 4)/4?
2, 293
Let i = 46 - -23. Let t = 72 - i. Suppose t*p - p - 137 = -v, -755 = -5*v + 4*p. List the prime factors of v.
3, 7
Let a(k) = 55*k + 1499. Let v be (-73 - -73)*(0 - 1). List the prime factors of a(v).
1499
Let v(d) = 9*d**2 + 62*d - 124. List the prime factors of v(17).
3, 11, 107
Let b(n) = n**3 - 33*n**2 + 67*n + 75. Let v = -186 + 217. What are the prime factors of b(v)?
2, 5, 23
Let i be (-24 - -22)*518/4. Let s be 3 + -5 - -3 - i. Suppose 6*h - 202 - s = 0. What are the prime factors of h?
7, 11
List the prime factors of (-2)/(-33) - (-18)/594*174766.
2, 331
Let n = -20 - -23. Suppose 0 = -5*a + 2*x + 445, n*a - 3*x - 249 - 18 = 0. What are the prime factors of a?
89
Let u = 154 + -107. Suppose u + 23 = 14*b. What are the prime factors of (b + -4)*(2 - 1) + 217?
2, 109
Let z(k) = -3*k + 34. Suppose 13*d + 40 = 17*d. Let r be z(d). Suppose 2*w - 80 = -r*a, -3*a + 60 = 3*w - 0*w. What are the prime factors of a?
2, 5
Let i = -505 + 505. What are the prime factors of (-176)/(-6) + i + (-4)/12?
29
Let p(g) = 152*g**2 - 47*g - 1381. What are the prime factors of p(-19)?
2, 3, 11, 103
Suppose -x + 14*x - 143 = 0. Suppose x*u - 240 = -9*u. Let i(b) = -b**2 + 9*b + 39. What are the prime factors of i(u)?
3
Let w = -415 + 679. Suppose -t = -4*d - w, -t - d - 3*d = -296. Suppose t = -3*m + 5*m. What are the prime factors of m?
2, 5, 7
Let v = 6056 - 4549. What are the prime factors of v?
11, 137
Let n(i) = 1. Let z(s) be the second derivative of -11*s**3/2 + 6*s**2 + 27*s. Let m(h) = 2*n(h) + z(h). List the prime factors of m(-8).
2, 139
What are the prime factors of (-8)/4 + ((-4098)/(-9)*21 - -4)?
2, 3, 797
Let v(k) = 11*k**3 + 13*k**2 - 81*k - 82. What are the prime factors of v(9)?
11, 751
Suppose -215*f + 3324 = -222*f + 14573. List the prime factors of f.
1607
List the prime factors of 115487/5 - (-216)/(-90).
5, 31, 149
Suppose -3*b = -2*o + 18, 0*o - 3*b + 66 = 5*o. Suppose 11*v - o*v = -97. What are the prime factors of v?
97
Let k = 17566 + 16428. What are the prime factors of k?
2, 23, 739
Let u be 28/7 + 2*-464. Let k = -496 - u. Let c = k - 291. What are the prime factors of c?
137
Let t be (-1)/2*(-22 - -22). Suppose 4*y - 3*g + g - 2462 = t, 0 = -5*y - g + 3067. List the prime factors of y.
2, 307
Let t(p) = -p**3 - 47*p**2 - 269*p + 513. What are the prime factors of t(-62)?
7, 17, 37
Let f = 78 - 30. List the prime factors of (-3 - -10)*f + -3.
3, 37
List the prime factors of ((-268930)/(-20) - 7) + 3 + (-10)/4.
2, 3, 5, 7
Suppose 25*q - 512064 = -26289. What are the prime factors of q?
3, 17, 127
Let u(x) = 103*x + 4. Let v be u(-1). Let h = 570 - v. What are the prime factors of h?
3, 223
Let h = 48 + -53. Let n = -5 - h. Suppose 4*m - 7*m + 327 = n. List the prime factors of m.
109
Let t be 1 - 5/(20/(-8)). Let l(h) = -h - 2*h**3 - 8*h + h**t + 8 + 12*h**2 - 5*h. What are the prime factors of l(8)?
2, 19
Let l = -3907 + 14242. What are the prime factors of l?
3, 5, 13, 53
Let r be (2 - 25/10)*10. Let m(d) = -6*d - 25. Let y be m(r). Suppose 2*b - 5*b - y*t + 59 = 0, -3*b + 5*t = -79. List the prime factors of b.
23
Let u(z) = -3*z**3 + 3*z**2 + 2*z. Let d be u(-1). Suppose 0 = d*s + 371 + 293. Let f = -27 - s. List the prime factors of f.
139
Suppose -4*g + 4*u = -12, -13*g = -18*g - 5*u + 25. Suppose 2101 = g*t - 3275. What are the prime factors of t?
2, 3, 7
Suppose -7*y + 654 = 59. Suppose -783 - y = -7*p. What are the prime factors of p?
2, 31
Let c(g) = -30*g - 29. Let m be (210/(-21))/(0 - -2). What are the prime factors of c(m)?
11
Let g(d) be the third derivative of 3*d**4/8 - 7*d**3/2 - 2*d**2. Suppose -41*q = -46*q + 70. List the prime factors of g(q).
3, 5, 7
Let s(i) = -483*i - 1583. List the prime factors of s(-25).
2, 43, 61
Let l(a) = 13*a**2 + 273*a - 360. List the prime factors of l(41).
2, 59, 277
What are the prime factors of (-593)/2*-6 - -10?
1789
Let n = -57 - -97. Suppose -19*v = -23*v + n. Let p = 114 + v. What are the prime factors of p?
2, 31
Let s = 19329 + -11178. What are the prime factors of s?
3, 11, 13, 19
Let l(w) = -1130*w**3 + 16*w**2 + 158*w + 7. List the prime factors of l(-4).
11, 31, 211
Suppose p - 197*b = -195*b + 3102, 0 = -2*p - b + 6224. List the prime factors of p.
2, 5, 311
Let u(r) = 374*r - 311. Let f = 113 - 108. What are the prime factors of u(f)?
1559
Suppose 5*y + 6*d - 2*d - 1547 = 0, -5*y + 1550 = 5*d. Let v = 154 + y. List the prime factors of v.
461
Suppose 0 = -83*v + 139*v - 211792. List the prime factors of v.
2, 31, 61
Let l = 187 - 193. Let m(v) = -v**3 + 7*v**2 + 34*v + 10. List the prime factors of m(l).
2, 137
Let v(h) = 17*h**2 - 40*h + 426. List the prime factors of v(-48).
2, 3, 11, 17, 37
Suppose 11*h - 10*h - y = -104, 5*h + 4*y = -520. List the prime factors of ((-57)/(-12) - -8)/((-2)/h).
3, 13, 17
Let c(u) = 12*u**3 + 2*u**2 + 50*u + 34. Let y be c(-7). Let j(t) = -t - 5. Let g be j(-8). List the prime factors of y/(-18) + 50/(-18) + g.
241
Let u(y) = 1249*y - 1827. What are the prime factors of u(10)?
10663
Suppose 5*d - 79339 = -6*j, -10*d = -13*d - 21. List the prime factors of j.
13229
Let j = -12044 + 22193. What are the prime factors of j?
3, 17, 199
Let o = -139 + 1289. What are the prime factors of (0 - 6)*11/((-165)/o)?
2, 5, 23
Let 